 - -1b53a?
1b535
In base 3, what is -122212212 + -1?
-122212220
In base 10, what is -170099 - -3?
-170096
In base 11, what is -36aa76 + -8?
-36aa83
In base 14, what is 7 + 2c4?
2cb
In base 11, what is 185 + 2a?
204
In base 3, what is 12 - 2201001?
-2200212
In base 3, what is -101211021 + -112?
-101211210
In base 6, what is -221341 + 10?
-221331
In base 16, what is -1 + -10fdf?
-10fe0
In base 14, what is -1 + b0?
ad
In base 9, what is 13801 - -4?
13805
In base 16, what is 19a + 7e?
218
In base 12, what is 42a8a3 - 3?
42a8a0
In base 14, what is b - 7853?
-7846
In base 3, what is 11 + -1110100111211?
-1110100111200
In base 14, what is 62d - 6?
627
In base 11, what is 731 + -1379?
-748
In base 16, what is 4b + 36a6?
36f1
In base 5, what is -14213 + -1101?
-20314
In base 12, what is 12084a - 6?
120844
In base 2, what is -1100001000100100 + -1?
-1100001000100101
In base 9, what is 236463 - 5?
236457
In base 12, what is -7a1b3 - 4?
-7a1b7
In base 11, what is -16147 + 70?
-16087
In base 13, what is -4a6 + -21?
-4c7
In base 15, what is -5 - 838a?
-8390
In base 15, what is 52 + -619a?
-6148
In base 14, what is -1 - 5326?
-5327
In base 2, what is 10 + -10000011100000100?
-10000011100000010
In base 8, what is -21475 - 2?
-21477
In base 2, what is -1 + -1011100001101?
-1011100001110
In base 11, what is 107a2 - -4?
107a6
In base 12, what is -55b + -259?
-7b8
In base 10, what is -11 + 74916?
74905
In base 2, what is 11011 + 1000100110110?
1000101010001
In base 2, what is -100 - -1100011101001?
1100011100101
In base 9, what is -1 - -1480130?
1480128
In base 14, what is -967 + -190?
-b17
In base 16, what is 10a - 62?
a8
In base 7, what is -25362364 - -5?
-25362356
In base 12, what is a + -5676?
-5668
In base 14, what is -25 - -31d0?
31a9
In base 2, what is -11000111 + -1000010100?
-1011011011
In base 16, what is 194 + 333a?
34ce
In base 6, what is 2 - 5100533?
-5100531
In base 6, what is -555 - 31?
-1030
In base 2, what is -101 + 101110101011000?
101110101010011
In base 15, what is -5 - 69a1?
-69a6
In base 14, what is -63 - -119?
96
In base 10, what is 8 - -9029?
9037
In base 9, what is 2280 - 7?
2272
In base 5, what is 3 + 12214430?
12214433
In base 2, what is 11001101110 - -11101001?
11101010111
In base 2, what is -1110001 - -11000100111?
10110110110
In base 16, what is 56af2 + b?
56afd
In base 7, what is 52 - -316?
401
In base 13, what is 5 - -23273?
23278
In base 2, what is 10110001011011 + -1011?
10110001010000
In base 11, what is -13 - 33a0?
-3403
In base 3, what is -12102012011 - -222?
-12102011012
In base 3, what is -111 - -100010200120?
100010200002
In base 9, what is 122 - -830?
1052
In base 3, what is -10 - 21022101211?
-21022101221
In base 14, what is 1 - -a6d0?
a6d1
In base 13, what is 0 - -6a21?
6a21
In base 8, what is 230425 + -6?
230417
In base 15, what is 13 - -5?
18
In base 11, what is 431 - -63?
494
In base 9, what is -7 - -15331?
15323
In base 10, what is 113 + 1946?
2059
In base 15, what is 23a - 29b5?
-277a
In base 13, what is 2 - -49663?
49665
In base 5, what is 42 - -411120?
411212
In base 2, what is -110001001100110111 - 1?
-110001001100111000
In base 6, what is 300 - 12350?
-12050
In base 12, what is -17b403 + 5?
-17b3ba
In base 15, what is -a + -95b0?
-95ba
In base 4, what is 10 - 1320211?
-1320201
In base 16, what is -6a - 452?
-4bc
In base 4, what is -1221133 - -302?
-1220231
In base 14, what is -49 - 33cc?
-3437
In base 14, what is -1 - -5dd8a?
5dd89
In base 8, what is 217255 - -3?
217260
In base 4, what is 1331 + -2003?
-12
In base 3, what is 1200 - -11001210?
11010110
In base 7, what is 2604 - -246?
3153
In base 9, what is -562804 + 3?
-562801
In base 14, what is -c864 - 52?
-c8b6
In base 12, what is 1b6 - -a74?
106a
In base 12, what is 2 - -2b39?
2b3b
In base 3, what is -221 - 2022200?
-2100121
In base 15, what is -c8 + -55e?
-637
In base 4, what is 101300301 + 212?
101301113
In base 16, what is 6fd4 - 2c?
6fa8
In base 16, what is -19d - -86?
-117
In base 6, what is -1 - 4534?
-4535
In base 10, what is 43527 - 5?
43522
In base 15, what is -29 - 58e?
-5b8
In base 11, what is 13 - 1520?
-1508
In base 12, what is -5 + 515?
510
In base 14, what is -304cd - -3?
-304ca
In base 5, what is 14 + 4201?
4220
In base 10, what is -105027 - -2?
-105025
In base 13, what is 5 - -127c5?
127ca
In base 4, what is -1033 - -1102002?
1100303
In base 15, what is 44 + 47a?
4be
In base 7, what is 3415 + 122?
3540
In base 13, what is 1 - -425c5?
425c6
In base 4, what is 3 - -1?
10
In base 2, what is -111 - -10101100101100101?
10101100101011110
In base 13, what is 915c - -4?
9163
In base 5, what is -12300030 - 0?
-12300030
In base 13, what is 2 - -452cc?
45301
In base 5, what is -1242230 - -2?
-1242223
In base 14, what is 29 - da?
-b1
In base 12, what is -6524 + 5?
-651b
In base 3, what is -1 + -22012102?
-22012110
In base 16, what is 9d84a + -2?
9d848
In base 11, what is -51 - -424?
383
In base 7, what is -465505 + -4?
-465512
In base 10, what is -7 - -171484?
171477
In base 12, what is 12027a - -12?
120290
In base 3, what is -120 - 211?
-1101
In base 11, what is 0 - -150949?
150949
In base 2, what is 1001101100010011111 - 100?
1001101100010011011
In base 15, what is 183426 - 3?
183423
In base 8, what is 5 - 45203?
-45176
In base 13, what is -4 + 1170?
1169
In base 6, what is 4210244 + -3?
4210241
In base 12, what is 1778 - -2b?
17a7
In base 13, what is 35a + -456?
-c9
In base 13, what is -19330 + -5?
-19335
In base 16, what is 380 + b?
38b
In base 7, what is -151 - -135?
-13
In base 16, what is -1ab8a + 7?
-1ab83
In base 2, what is -110011100 + -10010?
-110101110
In base 13, what is 10 + 422c1?
42301
In base 12, what is -5 + -2566?
-256b
In base 2, what is -11011111101000101 + -101010?
-11011111101101111
In base 16, what is -11010 + -1?
-11011
In base 7, what is 103035631 + -3?
103035625
In base 2, what is 111110110 + -10001?
111100101
In base 8, what is 604132 + 1?
604133
In base 14, what is 15a3 + 47?
160a
In base 8, what is 55214 + 5?
55221
In base 5, what is 4 - 100034?
-100030
In base 11, what is -3a711 + 16?
-3a6a6
In base 5, what is -3 - -1001340?
1001332
In base 6, what is 11050034 + 5?
11050043
In base 6, what is 115 + 222214?
222333
In base 3, what is 10122100 - 212?
10121111
In base 3, what is -212221 + 20111?
-122110
In base 8, what is -217203 - -2?
-217201
In base 12, what is 5 - -14b971?
14b976
In base 2, what is 10111011010111 - -1111?
10111011100110
In base 3, what is 1021 + -100020001?
-100011210
In base 5, what is -424021 + 1121?
-422400
In base 3, what is 21 - 11200011022?
-11200011001
In base 11, what is -2a + -4541?
-4570
In base 5, what is 24413 + -2120?
22243
In base 6, what is 12 - 2413?
-2401
In base 12, what is 5 + 529966?
52996b
In base 9, what is 132070 - 15?
132054
In base 7, what is -3143 - 2?
-3145
In base 3, what is -1121200020 + -1111?
-1121201201
In base 14, what is 1c + 971?
98d
In base 9, what is -66575 + -14?
-66600
In base 13, what is -2ba - -a4?
-216
In base 8, what is 167712 - -21?
167733
In base 2, what is 11 + 1010011000110110?
1010011000111001
In base 10, what is -3252 + 547?
-2705
In base 15, what is 0 + -1a28?
-1a28
In base 12, what is -1 - -61580?
6157b
In base 12, what is -12 - 4bb6?
-5008
In base 9, what is 414770 - 2?
414767
In base 10, what is -589616 + -5?
-589621
In base 10, what is -139 + 652?
513
In base 12, what is -3862a - -4?
-38626
In base 4, what is -30 - -22320?
22230
In base 10, what is -2 + -20750?
-20752
In base 4, what is -2011120230 - 2?
-2011120232
In base 8, what is -1 - -7620?
7617
In base 7, what is -543 + 1621?
1045
In base 15, what is -37b + e?
-36c
In base 9, what is -1521635 + 0?
-1521635
In base 15, what is -1a + -be6?
-c11
In base 14, what is 20888 + 5?
2088d
In base 16, what is -3c - -215?
1d9
In base 9, what is 7028 + -55?
6863
In base 4, what is 11 + 30111002?
30111013
In base 14, what is -4ca6a - 1?
-4ca6b
In base 9, what is 2 - -7625?
7627
In base 16, what is ab02 + 2?
ab04
In base 13, what is 1295 + 38?
1300
In base 11, what is 548 + -1166?
-719
In base 13, what is -343a0 + 0?
-343a0
In base 15, what is -312 + -271?
-583
In base 4, what is 12 - -13032332?
13033010
In base 13, what is -7986 - 3?
-7989
In base 13, what is 1 + -7023?
-7022
In base 9, what is -5 + -206685